when 2260 is divided by i(22).
16
Suppose 11*a + 3*o - 5801 = 0, -1027 = 4*a - 6*a + 5*o. What is the remainder when a is divided by 171?
13
Let l(u) = -u**3 + 2*u**2 + 107*u + 13. Calculate the remainder when l(11) is divided by 30/4*(-14)/(-3).
31
Suppose 0 = n + m, -3*n - m + 8 = -2*m. Suppose -6*r + 68 = -n*r. Let w(v) = -v**2 - 7*v - 1. What is the remainder when r is divided by w(-6)?
2
Suppose -2*a = -1 - 1. What is the remainder when 104 + (-2)/(-2)*a is divided by (-4592)/(-210) + -22 + (-7)/(315/(-996))?
17
Let h(k) = 4*k**2 - k + 1. Let n be h(3). Suppose 5*s + 2*m = 44, -10*s - n = -13*s - 5*m. Calculate the remainder when 15 is divided by s.
7
Calculate the remainder when (-448722)/(-18) + -39 - (10 - -1) is divided by 29.
26
Suppose 3*w - 5*w - 188 = -2*o, 0 = w + o + 86. What is the remainder when 46 is divided by (2*(-1)/(-2))/((-6)/w)?
1
Suppose -4*g - 62 + 54 = 0, 0 = -2*m + 5*g + 2758. Calculate the remainder when m is divided by 370.
264
Let w = 18110 + -11813. What is the remainder when w is divided by 50?
47
Let n be 3 + 55 + 1 - 0. Let g = n + -27. Suppose 15*l = 24*l - 81. What is the remainder when g is divided by l?
5
Suppose 5*d - 10*b = -8*b + 2605, 3*d - b - 1564 = 0. Let m = 1137 - d. What is the remainder when m is divided by 15?
14
Let o = -6 - -41. Suppose -7*z + 36 = -20*z + 283. Calculate the remainder when o is divided by z.
16
Let u(w) = -w**3 + 58*w**2 + 107*w + 810. Calculate the remainder when 445 is divided by u(60).
25
What is the remainder when 432 is divided by 825/8 - (-110)/(-880)?
20
Suppose 74*k - 75*k = -7. Calculate the remainder when 32 is divided by k.
4
What is the remainder when 470 is divided by -695*(-2)/12 - (-29)/174?
6
Let t = 4206 + -4078. Calculate the remainder when 768 is divided by t.
0
Let a(h) = h**2 - 16*h - 31. Let v be a(16). Let u = v + 127. Suppose -j - 5*j + 294 = 0. Calculate the remainder when u is divided by j.
47
Suppose -10*b - 1730 = -15*b. Let h = b + -236. What is the remainder when h is divided by 28?
26
Suppose h = 4*a - 229, -2*a = -2*h + 5*h - 97. Let q(l) = 21*l**2 - l - 4. Let m be q(2). Let z = m - 58. Calculate the remainder when a is divided by z.
16
Let x(s) = -5*s - 16. Let c be x(-4). Suppose 0 = -0*a + c*a - 88. Calculate the remainder when 4/26 + (-1062)/(-26) is divided by a.
19
What is the remainder when 776 is divided by (-4)/(-18) - (-993)/135*5?
36
Let c = 16834 + -16747. Calculate the remainder when c is divided by 56.
31
Let l(o) = -3*o - 18. Let n(m) = 2*m + 9. Let u(c) = -3*l(c) - 5*n(c). Let y be u(4). Suppose y*b + 0*b = 170. What is the remainder when b is divided by 19?
15
Calculate the remainder when 7647 is divided by (-4)/10*250/60 + (-106)/(-6).
15
Suppose 122 - 40 = f. Suppose m - 127 = -f. What is the remainder when m is divided by 15?
0
Let n = -88 + 13. Calculate the remainder when ((-6)/(-5))/(40/n)*-12 is divided by 5.
2
Let l = 32 - 7. Let a be (-20)/(-16)*-2 + (-36)/(-8). Calculate the remainder when l is divided by (98/7)/(a/(-6)*-6).
4
Let h = -1443 + 1490. Calculate the remainder when 367 is divided by h.
38
What is the remainder when 4*3/3 - -5*44 is divided by 1/(-1) + 66 + -20?
44
Suppose -7 = -2*c - 5*m + 1, -3*m = 4*c - 30. Let f = -10 + 35. Calculate the remainder when ((-2)/4)/(c/(-3564)) + 1 is divided by f.
24
Suppose -p + g + 46 = 0, 6*p - 113 = 4*p - 5*g. What is the remainder when 154 is divided by p?
7
Suppose -15*n + 20 = -20*n. Let b be -1 + (2 - (n + 3)). Suppose 0 = 2*c - 2*r - 8, 0 = 4*r - b*r - 4. What is the remainder when 15 is divided by c?
3
Let y(p) = 15*p**2 - 187*p + 18. Calculate the remainder when y(13) is divided by 33.
23
Suppose -r + 3*y + 4 = 0, 2*r + 8 = 2*y + 24. Calculate the remainder when (-3 + -2 - -3)*-15 is divided by r.
0
Calculate the remainder when (-1 - -2174) + (107 - 119) is divided by 57.
52
Let j(z) = z**3 + 9*z**2 - 23*z. Suppose 0 = -8*m - 8 - 72. Calculate the remainder when j(m) is divided by 34.
28
Let u(q) = -2*q + 73. Let s be u(0). Let v = s + -8. Suppose 8*h - 5*i = 3*h + v, 11 = -h - 5*i. What is the remainder when 24 is divided by h?
6
Suppose -2*c = -4*l + 132, 0 = 3*l - 2*l - 2*c - 30. What is the remainder when l is divided by (3264/1224)/(24/45)?
4
Let b = 1 + -37. Let j = b + 62. Let t(w) = w**3 + 64*w**2 + 1007*w + 225. What is the remainder when j is divided by t(-27)?
8
Let i = 6413 + -6385. Let w(u) = 10*u**2 + 3*u - 5. Calculate the remainder when w(4) is divided by i.
27
Suppose -2542 = -11*s + 1550. Calculate the remainder when s is divided by 27.
21
Let x(k) = -k**3 + 8*k**2 + 30*k - 236. Let y(b) = -b**3 + 26*b**2 - 47*b - 18. What is the remainder when y(24) is divided by x(8)?
2
Let o = -4277 + 4730. Calculate the remainder when o is divided by 221.
11
Let h(r) = 2*r + 80. Let k be h(16). Suppose 0 = 8*o - k - 40. Suppose -3*a + 8*a - 25 = 0. Calculate the remainder when o is divided by a.
4
Suppose 0*u = u + 2*i - 12, -4*i - 12 = 0. Suppose -3*s + 6*w - 5*w = 229, 2*w = -2*s - 150. Let f = s - -255. What is the remainder when f is divided by u?
17
Suppose 16*w = 22*w - 234. Suppose 4*b = -l + 86, b - 4*l + 92 = 5*b. What is the remainder when w is divided by b?
18
Let t = 951 + -622. Calculate the remainder when t is divided by 74.
33
Let q = 21531 + -21467. Calculate the remainder when 9407 is divided by q.
63
Let x(n) = 27*n**3 - 51*n**2 + 2*n + 5. Calculate the remainder when x(3) is divided by 58.
49
Let h(r) = r**3 - 17*r**2 - 9*r + 63. Let f be h(18). Let t = f + -183. What is the remainder when t is divided by 27?
15
Suppose 126*l - 982 - 11767 = 8671. What is the remainder when 692 is divided by l?
12
Suppose 5*y - 1973 = -p, 4*p - 11603 = 2*y - 3667. What is the remainder when p is divided by 71?
66
Let j be 30*((-1)/(-3))/((-40)/(-48)). Suppose 6*m + 144 = j*m. What is the remainder when 116 is divided by m?
20
Let j(o) = 2*o**3 - 22*o**2 - 43*o + 83. What is the remainder when j(14) is divided by 44?
41
Suppose 3 = -a + 190. Let m(p) = -2*p**2 - 111*p + 1107. What is the remainder when a is divided by m(-64)?
16
Suppose 5*z + 17 - 37 = 0. Suppose 1541 = z*v - 143. Suppose -5*r - 136 + v = 0. Calculate the remainder when r is divided by 15.
12
Suppose 20*w = -17*w + 6092 + 6895. What is the remainder when 711 is divided by w?
9
Let k(b) = -b**3 + 6*b**2 + 11*b - 27. Let d be k(9). Let z = d - -183. Calculate the remainder when 155 is divided by z.
11
Suppose 4*i + 7 = -25. Let j be 2 + i/(-10)*10/(-4). Suppose j = z + 3*u - 18, -4*u - 46 = 3*z - 4*z. What is the remainder when z is divided by 16?
14
Suppose 0 = 13*d - 57 - 21. What is the remainder when (-16 + -3)/(-8 + 7) is divided by d?
1
Let p(h) = 8*h**3 - 53*h**2 + 588*h - 14. What is the remainder when p(11) is divided by 44?
41
Let g be (-6)/(-21) - 2/7. Suppose g = 3*p + p - 68. Let k = 12505 - 12455. What is the remainder when k is divided by p?
16
Calculate the remainder when ((-1206)/(-469))/(9/45066) is divided by 23.
19
Let t = -392 + 451. Let p(y) be the first derivative of 4*y**4 - y + 1. Calculate the remainder when t is divided by p(1).
14
Suppose 0 = 19757*f - 19701*f + 586 - 1706. Suppose 0 = w - 2*k - 4 - 10, -4*k = 5*w. Suppose c + 237 = w*c. Calculate the remainder when c is divided by f.
19
Let v = -18 - -21. Let m(d) = 2*d**2 - 9*d + 5. Let w be m(v). What is the remainder when 18 is divided by (-33)/(-3) + w - 1?
0
Let f(y) = y**2 + 3*y - 8. Let v(t) = t**3 - 13*t**2 - 27*t - 32. What is the remainder when f(7) is divided by v(15)?
10
Let x(v) = -2*v**3 + 3*v**2 + 60*v + 47. Let z(b) = b**3 - b**2 - 30*b - 22. Let g(s) = 4*x(s) + 9*z(s). What is the remainder when g(-6) is divided by 9?
8
Suppose -12*g + 548 = -8*g. Let c = g + -113. Calculate the remainder when 37 is divided by c/(-18)*4*3/(-2).
5
Suppose -891 = 57*y - 58*y. Let n = y + 66. Suppose 7*l - 184 - n = 0. Calculate the remainder when l is divided by 41.
40
Let u = -1316 - -1380. What is the remainder when 317 is divided by u?
61
Suppose 1848 = o - 4*o - 3*x, 2*o + x + 1231 = 0. What is the remainder when 44 is divided by ((-8)/10)/(41/o)?
8
Let q(i) = -i**3 - 10*i**2 + 2. Let s be (-2 + (-4 - -2))/2*5. Let c be q(s). What is the remainder when 2/(-24)*c - (-2523)/18 is divided by 47?
46
Let s(t) 